{"id":15400,"date":"2025-09-24T14:24:20","date_gmt":"2025-09-24T06:24:20","guid":{"rendered":"http:\/\/philippinesfrankfurt2025.com\/?post_type=event&#038;p=15400"},"modified":"2025-10-10T12:28:05","modified_gmt":"2025-10-10T04:28:05","slug":"moro-warrior-untold-stories-of-resistance","status":"publish","type":"event","link":"https:\/\/philippinesfrankfurt2025.com\/de\/event\/moro-warrior-untold-stories-of-resistance\/","title":{"rendered":"Die Moro Krieger: Unbekannte Geschichten des Widerstands"},"content":{"rendered":"<p>Ausgehend vom Verm\u00e4chtnis der Anf\u00fchrer und Gemeinschaften der Moro, die sich gegen die Besatzung zur Wehr setzten, geht diese Diskussion \u00fcber das Kampfgeschehen hinaus und befasst sich mit Fragen der Identit\u00e4t, F\u00fchrung und Erinnerung. Sie l\u00e4dt dazu ein, dar\u00fcber nachzudenken, wie Geschichte erinnert wird, wessen Stimmen geh\u00f6rt werden und was diese Erz\u00e4hlungen f\u00fcr die Gegenwart bedeuten<\/p>\n \n \n \n <p><\/p>","protected":false},"excerpt":{"rendered":"<p>Ausgehend vom Verm\u00e4chtnis der Anf\u00fchrer und Gemeinschaften der Moro, die sich gegen die Besatzung zur Wehr setzten, geht diese Diskussion \u00fcber das Kampfgeschehen hinaus und befasst sich mit Fragen der Identit\u00e4t, F\u00fchrung und Erinnerung. Sie l\u00e4dt dazu ein, dar\u00fcber nachzudenken, wie Geschichte erinnert wird, wessen Stimmen geh\u00f6rt werden und was diese Erz\u00e4hlungen f\u00fcr die Gegenwart bedeuten<\/p>","protected":false},"featured_media":15821,"template":"","meta":{"_acf_changed":false,"_seopress_robots_primary_cat":"","_seopress_titles_title":"","_seopress_titles_desc":"","_seopress_robots_index":""},"event-type":[139],"month":[],"venue":[113],"class_list":["post-15400","event","type-event","status-publish","has-post-thumbnail","hentry","event-type-politics","venue-philippine-stand"],"acf":[],"_links":{"self":[{"href":"https:\/\/philippinesfrankfurt2025.com\/de\/wp-json\/wp\/v2\/event\/15400","targetHints":{"allow":["GET"]}}],"collection":[{"href":"https:\/\/philippinesfrankfurt2025.com\/de\/wp-json\/wp\/v2\/event"}],"about":[{"href":"https:\/\/philippinesfrankfurt2025.com\/de\/wp-json\/wp\/v2\/types\/event"}],"wp:featuredmedia":[{"embeddable":true,"href":"https:\/\/philippinesfrankfurt2025.com\/de\/wp-json\/wp\/v2\/media\/15821"}],"wp:attachment":[{"href":"https:\/\/philippinesfrankfurt2025.com\/de\/wp-json\/wp\/v2\/media?parent=15400"}],"wp:term":[{"taxonomy":"event-type","embeddable":true,"href":"https:\/\/philippinesfrankfurt2025.com\/de\/wp-json\/wp\/v2\/event-type?post=15400"},{"taxonomy":"month","embeddable":true,"href":"https:\/\/philippinesfrankfurt2025.com\/de\/wp-json\/wp\/v2\/month?post=15400"},{"taxonomy":"venue","embeddable":true,"href":"https:\/\/philippinesfrankfurt2025.com\/de\/wp-json\/wp\/v2\/venue?post=15400"}],"curies":[{"name":"wp","href":"https:\/\/api.w.org\/{rel}","templated":true}]}}

<p>Ausgehend vom Vermächtnis der Anführer und Gemeinschaften der Moro, die sich gegen die Besatzung zur Wehr setzten, geht diese Diskussion über das Kampfgeschehen hinaus und befasst sich mit Fragen der Identität, Führung und Erinnerung. Sie lädt dazu ein, darüber nachzudenken, wie Geschichte erinnert wird, wessen Stimmen gehört werden und was diese Erzählungen für die Gegenwart bedeuten</p>
 
 
 
 <p></p>

<p>Ausgehend vom Vermächtnis der Anführer und Gemeinschaften der Moro, die sich gegen die Besatzung zur Wehr setzten, geht diese Diskussion über das Kampfgeschehen hinaus und befasst sich mit Fragen der Identität, Führung und Erinnerung. Sie lädt dazu ein, darüber nachzudenken, wie Geschichte erinnert wird, wessen Stimmen gehört werden und was diese Erzählungen für die Gegenwart bedeuten</p>
