{"id":15527,"date":"2025-09-12T13:01:18","date_gmt":"2025-09-12T05:01:18","guid":{"rendered":"http:\/\/philippinesfrankfurt2025.com\/?post_type=event&#038;p=15527"},"modified":"2025-10-09T15:52:47","modified_gmt":"2025-10-09T07:52:47","slug":"mindanao-history-politics-and-culture","status":"publish","type":"event","link":"https:\/\/philippinesfrankfurt2025.com\/de\/event\/mindanao-history-politics-and-culture\/","title":{"rendered":"Geschichte, Politik und Kultur von Mindanao"},"content":{"rendered":"<p>This panel shares stories of Mindanao, unheard of and unwritten in official history textbooks, and the politics that have kept up long-term and deep-seated prejudices against  the island and its people, the Moro Filipinos. Such prejudices continue to be systematically spread by ignorance and miseducation.<\/p>","protected":false},"excerpt":{"rendered":"<p>Dieses Panel besch\u00e4ftigt sich mit Erz\u00e4hlungen \u00fcber Mindanao, die in offiziellen Geschichtsb\u00fcchern unbekannt und ungeschrieben sind, und mit der Politik, die langfristige und tief verwurzelte Vorurteile gegen\u00fcber der Insel und ihren Bewohnern, den Moro-Filipinos, aufrechterhalten hat. Diese Vorurteile werden weiterhin systematisch durch Unwissenheit und Bildungsfehler verbreitet.<\/p>","protected":false},"featured_media":15822,"template":"","meta":{"_acf_changed":true,"_seopress_robots_primary_cat":"","_seopress_titles_title":"","_seopress_titles_desc":"","_seopress_robots_index":""},"event-type":[103,119],"month":[],"venue":[112],"class_list":["post-15527","event","type-event","status-publish","has-post-thumbnail","hentry","event-type-discussion","event-type-society-politics-culture","venue-philippine-pavilion"],"acf":[],"_links":{"self":[{"href":"https:\/\/philippinesfrankfurt2025.com\/de\/wp-json\/wp\/v2\/event\/15527","targetHints":{"allow":["GET"]}}],"collection":[{"href":"https:\/\/philippinesfrankfurt2025.com\/de\/wp-json\/wp\/v2\/event"}],"about":[{"href":"https:\/\/philippinesfrankfurt2025.com\/de\/wp-json\/wp\/v2\/types\/event"}],"wp:featuredmedia":[{"embeddable":true,"href":"https:\/\/philippinesfrankfurt2025.com\/de\/wp-json\/wp\/v2\/media\/15822"}],"wp:attachment":[{"href":"https:\/\/philippinesfrankfurt2025.com\/de\/wp-json\/wp\/v2\/media?parent=15527"}],"wp:term":[{"taxonomy":"event-type","embeddable":true,"href":"https:\/\/philippinesfrankfurt2025.com\/de\/wp-json\/wp\/v2\/event-type?post=15527"},{"taxonomy":"month","embeddable":true,"href":"https:\/\/philippinesfrankfurt2025.com\/de\/wp-json\/wp\/v2\/month?post=15527"},{"taxonomy":"venue","embeddable":true,"href":"https:\/\/philippinesfrankfurt2025.com\/de\/wp-json\/wp\/v2\/venue?post=15527"}],"curies":[{"name":"wp","href":"https:\/\/api.w.org\/{rel}","templated":true}]}}

<p>Dieses Panel beschäftigt sich mit Erzählungen über Mindanao, die in offiziellen Geschichtsbüchern unbekannt und ungeschrieben sind, und mit der Politik, die langfristige und tief verwurzelte Vorurteile gegenüber der Insel und ihren Bewohnern, den Moro-Filipinos, aufrechterhalten hat. Diese Vorurteile werden weiterhin systematisch durch Unwissenheit und Bildungsfehler verbreitet.</p>
