{"id":16174,"date":"2025-09-23T23:12:31","date_gmt":"2025-09-23T15:12:31","guid":{"rendered":"http:\/\/philippinesfrankfurt2025.com\/?post_type=event&#038;p=16174"},"modified":"2025-10-09T15:13:53","modified_gmt":"2025-10-09T07:13:53","slug":"writing-through-the-wounds-filipino-palestinian-literatures-in-relational-solidarity","status":"publish","type":"event","link":"https:\/\/philippinesfrankfurt2025.com\/de\/event\/writing-through-the-wounds-filipino-palestinian-literatures-in-relational-solidarity\/","title":{"rendered":"Schreiben als Traumabew\u00e4ltigung: Philippinische und pal\u00e4stinensische Literaturen als Ausdruck gegenseitiger Solidarit\u00e4t"},"content":{"rendered":"<p>Literature is both wound work and world-making. Together, Filipino, German-Palestinian, and Palestinian writers in diaspora bear witness to the wounds of empire, occupation, displacement,&nbsp;erasure, and resistance. The panel explores how writers from different<\/p>\n\n\n\n<p>geographies of struggle can speak with one another, through listening&nbsp;and imagining otherwise: what does it mean to write not as isolated voices but as co-dreamers of a liberation? What images of return, resistance, or futurity do our stories share\u2014and where do they diverge, challenge, or provoke? At the center is radical hope: of finding a language for the world to come, where no one is left unnamed or unspoken.<\/p>","protected":false},"excerpt":{"rendered":"<p>Literature is both wound work and world-making. Together, Filipino, German-Palestinian, and Palestinian writers in diaspora bear witness to the wounds of empire, occupation, displacement,&nbsp;erasure, and resistance. The panel explores how writers from different geographies of struggle can speak with one another, through listening&nbsp;and imagining otherwise: what does it mean to write not as isolated voices [&hellip;]<\/p>","protected":false},"featured_media":15822,"template":"","meta":{"_acf_changed":true,"_seopress_robots_primary_cat":"","_seopress_titles_title":"","_seopress_titles_desc":"","_seopress_robots_index":""},"event-type":[103,119],"month":[],"venue":[112],"class_list":["post-16174","event","type-event","status-publish","has-post-thumbnail","hentry","event-type-discussion","event-type-society-politics-culture","venue-philippine-pavilion"],"acf":[],"_links":{"self":[{"href":"https:\/\/philippinesfrankfurt2025.com\/de\/wp-json\/wp\/v2\/event\/16174","targetHints":{"allow":["GET"]}}],"collection":[{"href":"https:\/\/philippinesfrankfurt2025.com\/de\/wp-json\/wp\/v2\/event"}],"about":[{"href":"https:\/\/philippinesfrankfurt2025.com\/de\/wp-json\/wp\/v2\/types\/event"}],"wp:featuredmedia":[{"embeddable":true,"href":"https:\/\/philippinesfrankfurt2025.com\/de\/wp-json\/wp\/v2\/media\/15822"}],"wp:attachment":[{"href":"https:\/\/philippinesfrankfurt2025.com\/de\/wp-json\/wp\/v2\/media?parent=16174"}],"wp:term":[{"taxonomy":"event-type","embeddable":true,"href":"https:\/\/philippinesfrankfurt2025.com\/de\/wp-json\/wp\/v2\/event-type?post=16174"},{"taxonomy":"month","embeddable":true,"href":"https:\/\/philippinesfrankfurt2025.com\/de\/wp-json\/wp\/v2\/month?post=16174"},{"taxonomy":"venue","embeddable":true,"href":"https:\/\/philippinesfrankfurt2025.com\/de\/wp-json\/wp\/v2\/venue?post=16174"}],"curies":[{"name":"wp","href":"https:\/\/api.w.org\/{rel}","templated":true}]}}

Schreiben als Traumabewältigung: Philippinische und palästinensische Literaturen als Ausdruck gegenseitiger Solidarität
